*a + 13 = 0. Calculate the greatest common factor of p and z.
7
Let p be -3 - (-1)/(2/16). What is the greatest common factor of 35 and p?
5
Let h be (12/54 - 266/(-18)) + -1. What is the greatest common factor of 42 and h?
14
Let o = 96 + -63. Let s = 4 - -7. Calculate the greatest common factor of s and o.
11
Let a = 381 + -213. Let z = 17 + 4. Calculate the greatest common factor of z and a.
21
Suppose 5*t - 3*t = 4. Suppose t*k - 14 = k. Let f be (21/(-9))/((-1)/6). What is the greatest common divisor of f and k?
14
Let f = -8 + 3. Let z = f - -7. Calculate the highest common divisor of z and 5.
1
Let b(n) = -n**2 - 9*n - 10. Let j be b(-7). Let l be 1 - 10*j/(-8). What is the greatest common factor of l and 24?
6
Let v be 40/16 - 2/(-4). Suppose 8*x - 700 = 3*x - 5*d, 5*x = -v*d + 706. What is the highest common factor of 13 and x?
13
Let d = 10 - 8. Suppose 0 = 3*f - d - 1. What is the greatest common factor of f and 1?
1
Suppose 4*t + 16 + 4 = 0, -n - 16 = 2*t. Let h(l) = -l**3 - 4*l**2 + l - 2. Let p be h(n). What is the greatest common divisor of 8 and p?
8
Suppose -4*m + 96 = 3*g - 7*g, -5*g = -4*m + 95. Let z be 2/(50/46 + -1). Suppose 5*a - 73 + z = 0. What is the greatest common factor of m and a?
5
Suppose -5*a + 38 = 4*s, -2*s = a + 2*s + 2. Let w = 88 - 53. Let o be -6*w/(-6)*2. What is the greatest common factor of a and o?
10
Suppose -5*p + 20 = 0, -28 = -5*z + 3*p - 0. Suppose -v = 5*b - 201, 4*b - 4*v = 109 + 47. Calculate the highest common factor of z and b.
8
Let p be 2 - (-2 + 6/3). Suppose 3*d - o - 24 = p*o, 5*d = 2*o + 49. Let c be 4/((-24)/(-22) - 1). Calculate the highest common factor of d and c.
11
Let r = 131 + -61. Let y be (-1 + 1)/2 + r. What is the greatest common divisor of 14 and y?
14
Suppose 13 = -3*a + 61. Suppose -9*m = -11*m + a. What is the greatest common divisor of 20 and m?
4
Let z be 3/(-3) - (-8 - 0). Let h = z + -3. Suppose -2*i - 25 = -7*i, 4*n = -h*i + 164. What is the greatest common factor of n and 6?
6
Let v(u) = u**3 - 3 - 13*u - 2*u**3 - 9*u**2 + 8*u - 7. Let t be v(-9). Calculate the greatest common factor of t and 14.
7
Let i be 6*-9*2/(-4). Let v be (-332)/(-6) + (-9)/i. What is the greatest common divisor of 11 and v?
11
Suppose -3*i - 4 = -28. Suppose -20 = -14*g + 13*g. What is the greatest common factor of i and g?
4
Suppose 0 = -2*g - p, -3*g + 3 = -2*g - p. What is the greatest common divisor of g and 1?
1
Let o(s) = 2*s**2 + 2*s - 4. Let y be o(-5). Let j be (2/3)/(1/y). Let d = j + -9. Calculate the highest common factor of 5 and d.
5
Let r(j) = 2*j + 2. Let v be r(1). Let o be (-44)/(-10) - 8/20. Calculate the greatest common divisor of o and v.
4
Suppose -62 = -4*z - 14. Let t(r) = -20*r**3 + 2*r**3 + 3 + r**3 + 3*r - 1. Let g be t(-2). Calculate the highest common divisor of z and g.
12
Let z be (-106)/(-3) - (-6)/9. Let f = 49 - 25. What is the greatest common factor of z and f?
12
Suppose 4*c = y + 2*y + 34, 9 = c - y. Suppose -f = -3*b + 226, -2*b + c*f + 134 = 3*f. What is the highest common factor of 11 and b?
11
Suppose 3*w = 58 + 26. What is the highest common factor of w and 14?
14
Let z = 21 - -1. Calculate the highest common divisor of 55 and z.
11
Let s be (4/(8/182))/1. Suppose s = 4*p - 53. What is the highest common divisor of p and 4?
4
Suppose -40 - 10 = -5*b. Let l = b + -7. Suppose 2*g + g = 4*r + 12, l*g + 5*r = 39. What is the greatest common divisor of g and 72?
8
Let z be 2 - 4 - (3 - 53). Suppose 0*x - 4*x = -z. Suppose 5*a + 5*j = 10*j + 415, -4*a - 2*j = -338. What is the greatest common divisor of a and x?
12
Let w = 1 - 1. Let b be -3*(5 - (w + 2)). Let x(a) = 2*a**2 + 7*a - 9. Let r be x(b). Calculate the greatest common factor of r and 9.
9
Let a(f) = f + f + 5*f**2 + 2*f + 0*f + 3. Let i be a(-2). Calculate the highest common divisor of 60 and i.
15
Suppose i - 38 = -3*w, 5 = -9*i + 4*i. Calculate the greatest common divisor of w and 39.
13
Let s(j) = j**3 - 4*j**2 - 7*j - 8. Let i be s(6). Let z = i - 15. What is the highest common divisor of 63 and z?
7
Suppose 4*a - 301 = -49. What is the greatest common divisor of 7 and a?
7
Let v be -7*(1*-2)/2. Let a(g) = -g**3 - 6*g**2 - 6*g - 3. Let m be a(-5). Suppose -49 - 63 = -m*p. Calculate the highest common factor of v and p.
7
Let r be (-5)/((-30)/24) + -1. Let u(b) = -4*b + 2. Let q be u(-4). Calculate the greatest common divisor of q and r.
3
Let q = 51 + -19. Let g = q + -8. Calculate the highest common factor of g and 12.
12
Suppose -113 = 5*c - 773. What is the highest common divisor of 44 and c?
44
Let s be -1 + 2/(4/74). Calculate the greatest common divisor of s and 4.
4
Let m(h) = 4*h + 5. Let n = 7 + -3. Let k be m(n). Let c(x) = 6*x + 1. Let q be c(1). What is the greatest common divisor of q and k?
7
Let l(d) be the third derivative of -53*d**4/24 + d**3/6 - d**2. Suppose 4*a + 2 = 2*a. Let f be l(a). Calculate the greatest common divisor of f and 9.
9
Suppose -36 - 60 = -2*f. Let z = -28 + 34. What is the highest common divisor of f and z?
6
Suppose 12*j - 266 - 46 = 0. What is the greatest common divisor of 286 and j?
26
Suppose 5*k = u + 30, 4*k = -2*u - u + 24. Suppose -2*z - 30 = -2*t - k*z, 4*t = 4*z. What is the greatest common factor of t and 5?
5
Suppose 27 - 398 = -5*p + 2*l, p - 88 = 5*l. Let u = p - 51. Calculate the highest common divisor of 55 and u.
11
Let g(d) = 8*d + 9. Let s be g(3). Let y = 39 + -17. Calculate the highest common divisor of s and y.
11
Let q be (-23)/(-5) + (-15)/25. Suppose -q*s + 16 = c, 2*s = -3*s - 4*c + 20. Let t = 8 - 4. Calculate the greatest common factor of t and s.
4
Let u be 2/(-10) - 6/(-30). Let v be 4 + (2/2 - u). Calculate the highest common factor of v and 25.
5
Let g = 3 - 0. Let f be (-10)/4*6/(-5). Suppose -f = -o + 3. Calculate the greatest common divisor of g and o.
3
Let r(f) = -16*f - 32. Let p be r(-3). What is the highest common factor of 160 and p?
16
Suppose -3*f + 160 = 4*k, -3*f + 5*k = -0*f - 178. Calculate the highest common divisor of 7 and f.
7
Suppose -358 = -5*b + 192. Let t = -75 + 141. Suppose 0 = -l + 4*l - t. Calculate the greatest common factor of b and l.
22
Let b be 1/(-3) + (-66)/(-9). What is the greatest common divisor of b and 7?
7
Let l(c) = -c**2 + 3*c. Let g be l(3). Let p(b) = 47*b**2 - b + g + 0. Let s be p(-2). Calculate the highest common divisor of s and 19.
19
Let o = 31 - 22. Suppose 3*b - 12 = -5*f + o, -3*b = -3*f + 27. Let p be (-1)/(-1)*(7 - f). Calculate the greatest common divisor of 3 and p.
1
Let r = 300 + -167. Let a = r - -227. Suppose -4*d + a = d. What is the highest common divisor of d and 8?
8
Suppose 4*j - 76 = -4*d + 5*j, 0 = -5*j. What is the greatest common divisor of 95 and d?
19
Let v(z) = -z**3 + 10*z**2 - 3*z - 16. Let x be v(6). Calculate the highest common divisor of x and 22.
22
Let a be 639/3 - (-18)/6. What is the highest common factor of 27 and a?
27
Suppose 5*v - 48 = 2. Let z be v/(-3)*(2 - 5). What is the greatest common factor of z and 10?
10
Let i = 38 - 12. Calculate the highest common factor of i and 182.
26
Let b be 13/(65/12)*(-10)/(-3). What is the greatest common factor of b and 8?
8
Let z(m) = -m - 1. Let k be z(0). Let b be 10 + 4/2*k. Let t(i) = 2*i - 34. Let n be t(19). Calculate the highest common divisor of b and n.
4
Let l be 138/33 + (-4)/22. Let n be 1 - ((2 - 3) + 1). What is the greatest common factor of n and l?
1
Suppose -t + 2*i - 14 = -106, -2*i = -3*t + 272. What is the highest common divisor of t and 10?
10
Suppose 2*i = -2 + 10. Suppose -i*u + 3*u = 3. Let h be ((-2)/u)/((-2)/(-18)). Calculate the greatest common factor of 54 and h.
6
Suppose -3*j + 35 = 2*j. Let b(t) = -t**2 + t + 35. Let a be b(0). Calculate the highest common divisor of a and j.
7
Let a = 9 - 23. Let p be (a/(-4))/((-1)/(-2)). What is the greatest common divisor of p and 28?
7
Suppose 0*f - 5*f = 3*p + 22, 4*f + 5*p = -28. Let k be 2/(-8)*f*10. Suppose -k*g = n - 1, -5 = 4*g + g. What is the highest common divisor of n and 48?
6
Let h = 20 + -11. Suppose 5*z - 69 = -h. Calculate the greatest common factor of 60 and z.
12
Let p be 17 + -7 + -1 + 2. Let n be (5 - 1)*(p - 9). What is the highest common divisor of n and 72?
8
Let o(c) = c. Let d be o(16). What is the 